{"id":15,"date":"2021-10-31T13:10:04","date_gmt":"2021-10-31T13:10:04","guid":{"rendered":"http:\/\/poraj.pttk.pl\/?page_id=15"},"modified":"2022-12-26T19:02:52","modified_gmt":"2022-12-26T19:02:52","slug":"wycieczki","status":"publish","type":"page","link":"https:\/\/poraj.pttk.pl\/?page_id=15","title":{"rendered":"Wycieczki"},"content":{"rendered":"\n<p>W dniach 5-6.11.2022 r odby\u0142 si\u0119 Rajd II Zako\u0144czenie Sezonu Motorowego Patriotyczne Zaduszki. Zwiedzili\u015bmy umocnienia linii B 1 z czas\u00f3w II wojny \u015bwiatowej w okolicach Siedlec-Zr\u0119bice-Przymi\u0142owice, cmentarz ofiar II wojny \u015bwiatowej w Olsztynie, kwatery \u017co\u0142nierzy na cmentarzu w Zr\u0119bicach, g\u0142az pami\u0119ci walk AK w Z\u0142otym Potoku. Uczestnicy zawitali r\u00f3wnie\u017c w Dilusiowych Alpakach &#8211; alpakoterapia prowadzona przez Eweline Kurzak. Jedn\u0105 z konkurencji by\u0142o budowanie sza\u0142as\u00f3w, kt\u00f3re wszystkim bardzo si\u0119 podoba\u0142o, a tym samym odkryli\u015bmy karty, dlaczego porajskie rajdy s\u0105 takie tanie, gdy\u017c mamy tanie ekologiczne le\u015bne osiedle \ud83d\ude42 Odby\u0142 si\u0119 r\u00f3wnie\u017c konkurs strzelecki oraz test z pierwszej pomocy. Dzieci i m\u0142odzie\u017c obecna na rajdzie zosta\u0142y przeszkolone z pierwszej pomocy a tak\u017ce mieli okazj\u0119 reanimowa\u0107 Stefana &#8211; fantoma do \u0107wiczenia PP oraz u\u017cy\u0107 defibrylatora oczywi\u015bcie wszystko pod okiem certyfikowanych instruktor\u00f3w. Ka\u017cdy uczestnik rajdu otrzyma\u0142 weryfikacje odznaki Szlak Walk 7 Dywizji Piechoty, a ka\u017cda dru\u017cyna pami\u0105tkowy pucharek rajdowy oraz upominek a nasi milusi\u0144scy zabawk\u0119.<\/p>\n\n\n\n<p>W wyniku rozegranych konkurencji wy\u0142oniono zwyci\u0119zc\u00f3w:<\/p>\n\n\n\n<p>miejsce I Agata Mro\u017cek i Julia Mro\u017cek<\/p>\n\n\n\n<p>miejsce II Ma\u0142gorzata Le\u015bniak i Kamil Trepka<\/p>\n\n\n\n<p>miejsce III Dorota Pa\u0142\u0119ga-Kuc i Jakub Kuc<\/p>\n\n\n\n<p>Gratulujemy<\/p>\n\n\n\n<p>Serdeczne podzi\u0119kowania dla Pani W\u00f3jt Gminy Poraj Katarzyny Ka\u017amierczak za wsparcie naszej imprezy oraz dla firm Jura-Trop oraz Dilusiowe Alpaki<\/p>\n\n\n\n<figure class=\"wp-block-embed\"><div class=\"wp-block-embed__wrapper\">\nhttps:\/\/www.facebook.com\/search\/top?q=jura-trop\n<\/div><\/figure>\n\n\n\n<figure class=\"wp-block-embed\"><div class=\"wp-block-embed__wrapper\">\nhttps:\/\/www.facebook.com\/DilusioweAlpaki\/\n<\/div><\/figure>\n","protected":false},"excerpt":{"rendered":"<p>W dniach 5-6.11.2022 r odby\u0142 si\u0119 Rajd II Zako\u0144czenie Sezonu Motorowego Patriotyczne Zaduszki. Zwiedzili\u015bmy umocnienia linii B 1 z czas\u00f3w II wojny \u015bwiatowej w okolicach Siedlec-Zr\u0119bice-Przymi\u0142owice, cmentarz ofiar II wojny \u015bwiatowej w Olsztynie, kwatery \u017co\u0142nierzy na cmentarzu w Zr\u0119bicach, g\u0142az pami\u0119ci walk AK w Z\u0142otym Potoku. Uczestnicy zawitali r\u00f3wnie\u017c w Dilusiowych Alpakach &#8211; alpakoterapia prowadzona [&hellip;]<\/p>\n","protected":false},"author":1,"featured_media":0,"parent":0,"menu_order":0,"comment_status":"closed","ping_status":"closed","template":"","meta":{"footnotes":""},"class_list":["post-15","page","type-page","status-publish","hentry"],"_links":{"self":[{"href":"https:\/\/poraj.pttk.pl\/index.php?rest_route=\/wp\/v2\/pages\/15","targetHints":{"allow":["GET"]}}],"collection":[{"href":"https:\/\/poraj.pttk.pl\/index.php?rest_route=\/wp\/v2\/pages"}],"about":[{"href":"https:\/\/poraj.pttk.pl\/index.php?rest_route=\/wp\/v2\/types\/page"}],"author":[{"embeddable":true,"href":"https:\/\/poraj.pttk.pl\/index.php?rest_route=\/wp\/v2\/users\/1"}],"replies":[{"embeddable":true,"href":"https:\/\/poraj.pttk.pl\/index.php?rest_route=%2Fwp%2Fv2%2Fcomments&post=15"}],"version-history":[{"count":2,"href":"https:\/\/poraj.pttk.pl\/index.php?rest_route=\/wp\/v2\/pages\/15\/revisions"}],"predecessor-version":[{"id":44,"href":"https:\/\/poraj.pttk.pl\/index.php?rest_route=\/wp\/v2\/pages\/15\/revisions\/44"}],"wp:attachment":[{"href":"https:\/\/poraj.pttk.pl\/index.php?rest_route=%2Fwp%2Fv2%2Fmedia&parent=15"}],"curies":[{"name":"wp","href":"https:\/\/api.w.org\/{rel}","templated":true}]}}